 10) to base 16
1158
8311 (base 15) to base 2
110110000101011
What is -14163 (base 7) in base 11?
-29a6
What is 7ab (base 13) in base 15?
5d4
-234 (base 15) to base 4
-13303
-2c44 (base 15) to base 10
-9514
3564 (base 7) to base 2
10100101000
Convert 6756 (base 8) to base 6.
24302
What is -42032 (base 7) in base 6?
-115425
Convert 1100002 (base 3) to base 6.
4302
Convert -121301 (base 4) to base 8.
-3161
Convert 11303 (base 4) to base 14.
1c7
Convert -ac42 (base 15) to base 10.
-36512
Convert 16009 (base 11) to base 3.
1011001101
Convert -26137 (base 11) to base 13.
-14062
Convert -59a (base 11) to base 16.
-2ca
What is -4203 (base 6) in base 9?
-1253
What is 3654 (base 9) in base 6?
20334
Convert 412 (base 6) to base 10.
152
What is -59b (base 13) in base 10?
-973
What is 2003 (base 9) in base 2?
10110110101
What is -1155 (base 7) in base 5?
-3212
-110032 (base 4) to base 13
-787
What is -10012 (base 3) in base 13?
-68
Convert 1000101000110 (base 2) to base 13.
2022
What is 8571 (base 9) in base 3?
22122101
What is 220501 (base 6) in base 14?
696d
-391 (base 14) to base 4
-23023
10301 (base 4) to base 6
1225
Convert 66 (base 15) to base 5.
341
-341132 (base 5) to base 4
-2330022
8908 (base 10) to base 9
13187
Convert 853 (base 14) to base 2.
11001101001
Convert 1000101011011 (base 2) to base 16.
115b
What is -248c9 (base 13) in base 14?
-1a803
232520 (base 8) to base 5
10013214
What is 8251 (base 14) in base 11?
15928
What is -1491 (base 12) in base 9?
-3271
Convert 28 (base 15) to base 10.
38
Convert 1102201 (base 3) to base 13.
625
Convert -6b6 (base 12) to base 3.
-1101010
What is -525 (base 6) in base 13?
-122
4530 (base 15) to base 16
394e
5b22 (base 14) to base 12
9256
What is -1231201 (base 4) in base 3?
-100121121
Convert -16 (base 15) to base 3.
-210
What is 101000010001 (base 2) in base 4?
220101
124440 (base 5) to base 2
1001110000011
2367 (base 9) to base 10
1762
-622 (base 7) to base 11
-262
What is 1100100100111 (base 2) in base 15?
1d94
532 (base 8) to base 2
101011010
Convert 735 (base 15) to base 11.
1248
Convert 100100 (base 4) to base 12.
728
Convert -5998 (base 13) to base 12.
-7387
404b (base 16) to base 10
16459
Convert -202 (base 13) to base 5.
-2330
What is 11222010 (base 3) in base 16?
e25
-4634 (base 9) to base 16
-d69
What is 36 (base 12) in base 11?
39
What is -878 (base 15) in base 14?
-9a9
Convert 40705 (base 9) to base 4.
12203000
Convert 11120220 (base 3) to base 9.
4526
What is 1d1c (base 16) in base 10?
7452
100111110111000 (base 2) to base 8
47670
Convert -59250 (base 10) to base 5.
-3344000
What is 40f4 (base 16) in base 11?
11547
d9a (base 15) to base 10
3070
Convert 298 (base 12) to base 14.
20c
Convert -12385 (base 9) to base 8.
-20223
What is -654 (base 14) in base 7?
-3434
What is 284b (base 12) in base 3?
20101212
What is -2021 (base 4) in base 13?
-a7
Convert -13112122 (base 4) to base 15.
-8dc1
Convert -24430 (base 5) to base 14.
-973
Convert -3647 (base 9) to base 16.
-a9c
Convert -4345 (base 14) to base 9.
-16846
Convert -1011404 (base 5) to base 4.
-10001133
Convert -7238 (base 12) to base 9.
-18038
What is 1371 (base 12) in base 14?
b65
Convert -30310 (base 4) to base 2.
-1100110100
Convert -19f6 (base 16) to base 5.
-203041
Convert 46212 (base 7) to base 14.
4409
What is 403b (base 13) in base 7?
34524
Convert 100010110000 (base 2) to base 13.
1021
Convert 161 (base 9) to base 7.
253
11344 (base 5) to base 4
31101
1103221 (base 6) to base 14
16165
What is 1202000221 (base 3) in base 2?
1000010111110000
Convert 595 (base 14) to base 8.
2127
Convert 53b (base 14) to base 12.
721
Convert -19614 (base 11) to base 10.
-27361
-15653 (base 8) to base 5
-211313
-368 (base 15) to base 10
-773
Convert 110144 (base 5) to base 7.
14035
Convert -17031 (base 11) to base 8.
-56670
Convert 1211111 (base 3) to base 2.
10100111000
20219 (base 12) to base 14
11325
What is -3175 (base 10) in base 7?
-12154
What is 4a4 (base 11) in base 7?
1513
What is 11010000111 (base 2) in base 5?
23141
310423 (base 6) to base 14
9063
What is 85 (base 15) in base 10?
125
What is -81e (base 15) in base 10?
-1829
5024 (base 14) to base 16
35b8
Convert 687 (base 12) to base 10.
967
What is 71 (base 15) in base 6?
254
10110101011 (base 2) to base 10
1451
-2574 (base 14) to base 9
-10010
214 (base 15) to base 13
2a1
What is 47337 (base 8) in base 14?
7503
20240 (base 6) to base 14
da0
732 (base 9) to base 5
4341
Convert -21784 (base 10) to base 4.
-11110120
-60136 (base 7) to base 3
-201212101
Convert 100012 (base 3) to base 13.
161
-6105 (base 7) to base 15
-95c
Convert 514 (base 7) to base 16.
100
Convert 18745 (base 11) to base 4.
12121021
What is -1012220 (base 3) in base 13?
-534
Convert -594 (base 10) to base 5.
-4334
-9a27 (base 14) to base 8
-64103
What is -87a1 (base 11) in base 10?
-11606
-4e7 (base 15) to base 4
-101131
Convert -d9a (base 16) to base 3.
-11202222
781 (base 9) to base 16
280
1223 (base 8) to base 5
10114
What is 34d3 (base 15) in base 3?
120101200
What is -2e8 (base 15) in base 13?
-3c5
-4111 (base 13) to base 7
-35104
-300310 (base 4) to base 3
-11021201
Convert -1132 (base 6) to base 14.
-156
Convert -1218 (base 11) to base 6.
-11212
What is -10011010011 (base 2) in base 14?
-643
Convert -16006 (base 7) to base 3.
-20010101
What is -155342 (base 8) in base 6?
-1111230
-2708 (base 10) to base 16
-a94
What is 16a (base 11) in base 7?
401
What is -111000011 (base 2) in base 15?
-201
1100001011 (base 2) to base 8
1413
What is 3404 (base 6) in base 7?
2215
Convert 102000 (base 3) to base 10.
297
3103 (base 5) to base 14
20b
What is -11111111110110 (base 2) in base 9?
-24413
-3022 (base 8) to base 13
-927
-3648 (base 10) to base 8
-7100
What is -1392 (base 11) in base 2?
-11100000011
-23024 (base 5) to base 16
-667
-5081 (base 15) to base 7
-100360
12111 (base 8) to base 2
1010001001001
-553 (base 10) to base 7
-1420
Convert 9b7 (base 16) to base 3.
10102010
421313 (base 6) to base 11
23626
Convert -11bb (base 15) to base 13.
-1946
What is 10cd (base 14) in base 5?
43200
What is 110000110111 (base 2) in base 5?
100002
What is 25100 (base 6) in base 15?
1173
143606 (base 9) to base 13
31071
246 (base 10) to base 16
f6
Convert -110001010 (base 2) to base 16.
-18a
What is 1039e (base 15) in base 4?
30203321
Convert -972c (base 15) to base 3.
-1121212220
2b69 (base 15) to base 5
244244
Convert 754 (base 9) to base 13.
385
What is -1000 (base 7) in base 10?
-343
What is 1222134 (base 5) in base 9?
35111
What is 12532 (base 6) in base 7?
5423
What is 1a4 (base 14) in base 10?
340
Convert -8415 (base 10) to base 8.
-20337
Convert -4d6b (base 14) to base 4.
-3110303
Convert -1121120221 (base 3) to base 9.
-47527
-378 (base 11) to base 3
-121121
Convert -2120111011 (base 3) to base 9.
-76434
Convert -22123022 (base 4) to base 5.
-2331243
-24237 (base 10) to base 9
-36220
1023232 (base 4) to base 6
34234
Convert -1983 (base 13) to base 6.
-25413
-22180 (base 10) to base 7
-121444
What is 1590 (base 10) in base 16?
636
What is 2b1b (base 13) in base 16?
1885
What is -44018 (base 10) in base 6?
-535442
What is -44016 (base 10) in base 4?
-22233300
-1011011001000 (base 2) to base 15
-1adc
Convert 543 (base 16) to base 15.
5ec
120122 (base 3) to base 2
110100110
Convert 1210 (base 10) to base 3.
1122211
What is 101122102 (base 3) in base 8?
17120
What is 350 (base 13) in base 10?
572
What is -4ee (base 15) in base 7?
-3164
Convert 198 (base 16) to base 12.
2a0
Convert 417b (base 15) to base 11.
a443
Convert 23113 (base 4) to base 5.
10402
-226 (base 7) to base 2
-1110110
What is 376 (base 10) in base 4?
11320
-42178 (base 9) to base 16
-6cce
30334 (base 6) to base 12
23aa
Convert -203001 (base 4) to base 9.
-3060
Convert 662 (base 13) to base 10.
1094
48058 (base 9) to base 8
76601
What is 30300 (base 5) in base 16?
79e
What is -40e (base 15) in base 5?
-12124
Convert -1010111100 (base 2) to base 5.
-10300
Convert -1de8 (base 15) to base 10.
-6518
What is -121322 (base 9) in base 12?
-3640b
Convert 20a (base 12) to base 2.
100101010
What is 34504 (base 10) in base 11?
23a18
Convert 44000 (base 5) to base 12.
18a0
What is 40b (base 12) in base 8?
1113
Convert 333 (base 4) to base 8.
77
What is -10000110100000 (base 2) in